{"id":4408,"date":"2019-12-04T21:40:29","date_gmt":"2019-12-04T21:40:29","guid":{"rendered":"http:\/\/www.swanislandnetworks.com\/theme_test2\/?page_id=4408"},"modified":"2019-12-04T21:53:28","modified_gmt":"2019-12-04T21:53:28","slug":"december-2019-france-strikes","status":"publish","type":"page","link":"http:\/\/www.swanislandnetworks.com\/theme_test2\/december-2019-france-strikes","title":{"rendered":"December 2019: France Strikes"},"content":{"rendered":"\t\t<div data-elementor-type=\"wp-page\" data-elementor-id=\"4408\" class=\"elementor elementor-4408\">\n\t\t\t\t\t\t<div class=\"elementor-inner\">\n\t\t\t\t<div class=\"elementor-section-wrap\">\n\t\t\t\t\t\t\t\t\t<section class=\"elementor-section elementor-top-section elementor-element elementor-element-6602ae3e elementor-section-boxed elementor-section-height-default elementor-section-height-default\" data-id=\"6602ae3e\" data-element_type=\"section\">\n\t\t\t\t\t\t<div class=\"elementor-container elementor-column-gap-default\">\n\t\t\t\t\t\t\t<div class=\"elementor-row\">\n\t\t\t\t\t<div class=\"elementor-column elementor-col-50 elementor-top-column elementor-element elementor-element-45968fc7\" data-id=\"45968fc7\" data-element_type=\"column\">\n\t\t\t<div class=\"elementor-column-wrap elementor-element-populated\">\n\t\t\t\t\t\t\t<div class=\"elementor-widget-wrap\">\n\t\t\t\t\t\t<div class=\"elementor-element elementor-element-7f66583f elementor-widget elementor-widget-heading\" data-id=\"7f66583f\" data-element_type=\"widget\" data-widget_type=\"heading.default\">\n\t\t\t\t<div class=\"elementor-widget-container\">\n\t\t\t<h2 class=\"elementor-heading-title elementor-size-default\">France: Massive nationwide strikes against pension reforms with hundreds of marches across the country; severe transportation disruptions expected possibly for weeks<\/h2>\t\t<\/div>\n\t\t\t\t<\/div>\n\t\t\t\t<div class=\"elementor-element elementor-element-7417d907 elementor-widget elementor-widget-text-editor\" data-id=\"7417d907\" data-element_type=\"widget\" data-widget_type=\"text-editor.default\">\n\t\t\t\t<div class=\"elementor-widget-container\">\n\t\t\t\t\t\t\t\t<div class=\"elementor-text-editor elementor-clearfix\">\n\t\t\t\t<p>The strike is expected to start at 10:00 p.m. local time on Wednesday, December 4th, when workers at SNCF (France&#8217;s national rail company) and RATP (Paris&#8217; regional transport authority) officially walk out. Air France air and ground crews will be on strike, making flights in and out of French airports difficult, notably because air traffic controllers will also walk out.\u00a0<\/p><p>Public travel generally will be made even more difficult by today&#8217;s announcement by lorry drivers that they intend to blockade major French roads from December 7th onwards. Postal workers and other public service staff are expected to protest-three teaching unions have given the Ministry of Education formal notice of their intention to strike.<\/p><p>The police intend to hold action in support of the strikes from 10am to 3pm across all police services and won&#8217;t take part in additional airport or motorway checks throughout the day.\u00a0(<a href=\"https:\/\/www.forbes.com\/sites\/alexledsom\/2019\/12\/02\/frances-nationwide-strike-on-december-5th-could-be-the-biggest-in-decades\/#5e631ae743e4\">Forbes, <\/a><a href=\"https:\/\/www.connexionfrance.com\/French-news\/Map-shows-where-the-protest-marches-will-take-place-in-France-during-Thursday-strike\">Connexion France<\/a>)<\/p><ul><li><a href=\"https:\/\/mobilisations-en-france.cgt.fr\/news\/map\">Map and list<\/a> of all 245 planned union protests<\/li><li><a href=\"https:\/\/www.cestlagreve.fr\/\">C&#8217;est la gr\u00e8ve<\/a>: Strike agenda (French)<\/li><\/ul>\t\t\t\t\t<\/div>\n\t\t\t\t\t\t<\/div>\n\t\t\t\t<\/div>\n\t\t\t\t<div class=\"elementor-element elementor-element-42f2c6da elementor-widget elementor-widget-heading\" data-id=\"42f2c6da\" data-element_type=\"widget\" data-widget_type=\"heading.default\">\n\t\t\t\t<div class=\"elementor-widget-container\">\n\t\t\t<h2 class=\"elementor-heading-title elementor-size-default\">Quick Facts<\/h2>\t\t<\/div>\n\t\t\t\t<\/div>\n\t\t\t\t<div class=\"elementor-element elementor-element-3036e3c elementor-widget elementor-widget-text-editor\" data-id=\"3036e3c\" data-element_type=\"widget\" data-widget_type=\"text-editor.default\">\n\t\t\t\t<div class=\"elementor-widget-container\">\n\t\t\t\t\t\t\t\t<div class=\"elementor-text-editor elementor-clearfix\">\n\t\t\t\t<ul><li>90 percent of trains cancelled on Thursday, December 5th<\/li><li>20 percent of flights cancelled on Thursday<\/li><li>11 Paris Metro lines and numerous cancellations on buses, trams and RER<\/li><li>6,000 police and army officers to deploy to deal with potential unrest<\/li><li>Up to 1,000 Black Bloc anarchists expected to infiltrate the authorized protests\u00a0<\/li><li>180 motorcycle police will be on duty<\/li><li>Shops, restaurants, cafes will be closing their doors Thursday, December 5th<\/li><li>Strikers expected to march from Gare du Nord to Place de la Nation on Thursday<\/li><li>No cars will be allowed to park along the demonstration route<\/li><li>Tourist sites to be closed: Arc de Triumph, Elysee presidential palace, Interior ministry, National Assembly, Hotel Matignon, Notre-Dame Cathedral\u00a0<\/li><\/ul>\t\t\t\t\t<\/div>\n\t\t\t\t\t\t<\/div>\n\t\t\t\t<\/div>\n\t\t\t\t<div class=\"elementor-element elementor-element-8564390 elementor-widget elementor-widget-text-editor\" data-id=\"8564390\" data-element_type=\"widget\" data-widget_type=\"text-editor.default\">\n\t\t\t\t<div class=\"elementor-widget-container\">\n\t\t\t\t\t\t\t\t<div class=\"elementor-text-editor elementor-clearfix\">\n\t\t\t\t<img src=\"https:\/\/www.connexionfrance.com\/var\/connexion\/storage\/images\/_aliases\/articleimage\/media\/images\/c-cgt-map\/950766-1-eng-GB\/C-CGT-map.jpg\">\t\t\t\t\t<\/div>\n\t\t\t\t\t\t<\/div>\n\t\t\t\t<\/div>\n\t\t\t\t<div class=\"elementor-element elementor-element-c8be4ca elementor-widget elementor-widget-image\" data-id=\"c8be4ca\" data-element_type=\"widget\" data-widget_type=\"image.default\">\n\t\t\t\t<div class=\"elementor-widget-container\">\n\t\t\t\t\t\t\t\t<div class=\"elementor-image\">\n\t\t\t\t\t\t\t\t\t\t\t\t<img width=\"1024\" height=\"723\" src=\"http:\/\/www.swanislandnetworks.com\/theme_test2\/wp-content\/uploads\/2019\/12\/strikerouteparis-1024x723.jpg\" class=\"attachment-large size-large\" alt=\"\" loading=\"lazy\" srcset=\"http:\/\/www.swanislandnetworks.com\/theme_test2\/wp-content\/uploads\/2019\/12\/strikerouteparis-1024x723.jpg 1024w, http:\/\/www.swanislandnetworks.com\/theme_test2\/wp-content\/uploads\/2019\/12\/strikerouteparis-300x212.jpg 300w, http:\/\/www.swanislandnetworks.com\/theme_test2\/wp-content\/uploads\/2019\/12\/strikerouteparis-768x542.jpg 768w, http:\/\/www.swanislandnetworks.com\/theme_test2\/wp-content\/uploads\/2019\/12\/strikerouteparis.jpg 1200w\" sizes=\"(max-width: 1024px) 100vw, 1024px\" \/>\t\t\t\t\t\t\t\t\t\t\t\t\t\t<\/div>\n\t\t\t\t\t\t<\/div>\n\t\t\t\t<\/div>\n\t\t\t\t<div class=\"elementor-element elementor-element-1c63f6a8 elementor-widget elementor-widget-heading\" data-id=\"1c63f6a8\" data-element_type=\"widget\" data-widget_type=\"heading.default\">\n\t\t\t\t<div class=\"elementor-widget-container\">\n\t\t\t<h2 class=\"elementor-heading-title elementor-size-default\">Timeline<\/h2>\t\t<\/div>\n\t\t\t\t<\/div>\n\t\t\t\t<div class=\"elementor-element elementor-element-202bdc10 elementor-widget elementor-widget-text-editor\" data-id=\"202bdc10\" data-element_type=\"widget\" data-widget_type=\"text-editor.default\">\n\t\t\t\t<div class=\"elementor-widget-container\">\n\t\t\t\t\t\t\t\t<div class=\"elementor-text-editor elementor-clearfix\">\n\t\t\t\t<p><strong>Wednesday, December 4th:<\/strong><\/p><ul style=\"font-family: Roboto, sans-serif; font-style: normal; font-weight: 400;\"><li><span style=\"font-weight: bold; text-align: justify;\">\u00a07:00pm:\u00a0<\/span><span style=\"text-align: justify;\">Shops and multiple tourist sites to close in Paris\u00a0<\/span><\/li><\/ul><p><strong>Thursday, December 5th:<\/strong><\/p><ul><li><span style=\"text-align: justify;\">Air travel disruptions to start taking place (easyJet, Ryanair, British Airways, Air France, Eurostar)<\/span><\/li><li><b style=\"font-family: inherit; font-style: inherit; text-align: justify;\">10:00am: <\/b><span style=\"text-align: justify;\">In Nice, the CGT union said the demonstration will start on place Mass\u00e9na, pass by promenade des Anglais, Garibaldi and end at T\u00eate Carr\u00e9e<\/span><\/li><li style=\"text-align: justify;\"><span style=\"font-family: inherit; font-style: inherit;\"><b>10:00am<\/b><\/span><b style=\"font-family: inherit; font-style: inherit;\">: <\/b>In Grenoble, the protest will start at 10:00 from the train station and end on boulevard Cl\u00e9menceau<\/li><li style=\"text-align: justify;\"><b style=\"font-family: inherit; font-style: inherit;\">10:30am: <\/b>In Marseille, the march begins at 10:30 on the Canebi\u00e8re<\/li><li style=\"text-align: justify;\"><span style=\"font-weight: bold;\">10:30am:\u00a0<\/span>In Lyon, the unions have announced that it will start at from manufacture des Tabacs, in the 8th arrondissement and finish on place Bellecour<\/li><li style=\"text-align: justify;\"><span style=\"font-weight: bold;\">11:00am:<\/span>\u00a0In Bordeaux, a march is set to start from place de la R\u00e9publique<\/li><li><span style=\"font-weight: bold;\">11:30am<\/span><span style=\"font-weight: bold;\">:\u00a0<\/span>&#8216;Yellow vest&#8217; march leaves Place de Clichy in Paris<\/li><li><span style=\"font-weight: bold;\">1:30pm:\u00a0<\/span>&#8216;Yellow vest&#8217; march arrives at Gare de I&#8217;Est<\/li><\/ul><p><strong>(12\/5-12\/6):<\/strong> CGT trade union for the Citura bus and tram will be on strike in Reims<\/p><p><strong>(12\/5-12\/7):<\/strong> Unlimited strike at the RATP disrupting metro, bus, tram, and RSP<\/p><p><strong>(12\/5-12\/7):<\/strong>\u00a0SUD-Rail calls all agents of SNCF to start strike<\/p><p><strong>(12\/5-12\/7):<\/strong> National education staff being mobilized- 55% strike rate in schools\u00a0 \u00a0<\/p>\t\t\t\t\t<\/div>\n\t\t\t\t\t\t<\/div>\n\t\t\t\t<\/div>\n\t\t\t\t\t\t<\/div>\n\t\t\t\t\t<\/div>\n\t\t<\/div>\n\t\t\t\t<div class=\"elementor-column elementor-col-50 elementor-top-column elementor-element elementor-element-23a00ab1\" data-id=\"23a00ab1\" data-element_type=\"column\">\n\t\t\t<div class=\"elementor-column-wrap elementor-element-populated\">\n\t\t\t\t\t\t\t<div class=\"elementor-widget-wrap\">\n\t\t\t\t\t\t<div class=\"elementor-element elementor-element-63b4e47f elementor-widget elementor-widget-image\" data-id=\"63b4e47f\" data-element_type=\"widget\" data-widget_type=\"image.default\">\n\t\t\t\t<div class=\"elementor-widget-container\">\n\t\t\t\t\t\t\t\t<div class=\"elementor-image\">\n\t\t\t\t\t\t\t\t\t\t\t\t<img width=\"1024\" height=\"228\" src=\"http:\/\/www.swanislandnetworks.com\/theme_test2\/wp-content\/uploads\/2017\/11\/tx360bluered-1024x228.png\" class=\"attachment-large size-large\" alt=\"\" loading=\"lazy\" srcset=\"http:\/\/www.swanislandnetworks.com\/theme_test2\/wp-content\/uploads\/2017\/11\/tx360bluered-1024x228.png 1024w, http:\/\/www.swanislandnetworks.com\/theme_test2\/wp-content\/uploads\/2017\/11\/tx360bluered-300x67.png 300w, http:\/\/www.swanislandnetworks.com\/theme_test2\/wp-content\/uploads\/2017\/11\/tx360bluered-768x171.png 768w\" sizes=\"(max-width: 1024px) 100vw, 1024px\" \/>\t\t\t\t\t\t\t\t\t\t\t\t\t\t<\/div>\n\t\t\t\t\t\t<\/div>\n\t\t\t\t<\/div>\n\t\t\t\t<div class=\"elementor-element elementor-element-15eec54c elementor-button-align-stretch elementor-widget elementor-widget-form\" data-id=\"15eec54c\" data-element_type=\"widget\" data-settings=\"{&quot;button_width&quot;:&quot;100&quot;,&quot;step_next_label&quot;:&quot;Next&quot;,&quot;step_previous_label&quot;:&quot;Previous&quot;,&quot;step_type&quot;:&quot;number_text&quot;,&quot;step_icon_shape&quot;:&quot;circle&quot;}\" data-widget_type=\"form.default\">\n\t\t\t\t<div class=\"elementor-widget-container\">\n\t\t\t\t\t<form class=\"elementor-form\" method=\"post\" name=\"New Form\">\n\t\t\t<input type=\"hidden\" name=\"post_id\" value=\"4408\"\/>\n\t\t\t<input type=\"hidden\" name=\"form_id\" value=\"15eec54c\"\/>\n\t\t\t<input type=\"hidden\" name=\"referer_title\" value=\"\" \/>\n\n\t\t\t\n\t\t\t<div class=\"elementor-form-fields-wrapper elementor-labels-above\">\n\t\t\t\t\t\t\t\t<div class=\"elementor-field-type-text elementor-field-group elementor-column elementor-field-group-name elementor-col-100\">\n\t\t\t\t\t<label for=\"form-field-name\" class=\"elementor-field-label\">Name<\/label><input size=\"1\" type=\"text\" name=\"form_fields[name]\" id=\"form-field-name\" class=\"elementor-field elementor-size-sm  elementor-field-textual\" placeholder=\"Name\">\t\t\t\t<\/div>\n\t\t\t\t\t\t\t\t<div class=\"elementor-field-type-email elementor-field-group elementor-column elementor-field-group-email elementor-col-100 elementor-field-required\">\n\t\t\t\t\t<label for=\"form-field-email\" class=\"elementor-field-label\">Email<\/label><input size=\"1\" type=\"email\" name=\"form_fields[email]\" id=\"form-field-email\" class=\"elementor-field elementor-size-sm  elementor-field-textual\" placeholder=\"Email\" required=\"required\" aria-required=\"true\">\t\t\t\t<\/div>\n\t\t\t\t\t\t\t\t<div class=\"elementor-field-type-textarea elementor-field-group elementor-column elementor-field-group-message elementor-col-100\">\n\t\t\t\t\t<label for=\"form-field-message\" class=\"elementor-field-label\">Message<\/label><textarea class=\"elementor-field-textual elementor-field  elementor-size-sm\" name=\"form_fields[message]\" id=\"form-field-message\" rows=\"4\" placeholder=\"Message (optional)\"><\/textarea>\t\t\t\t<\/div>\n\t\t\t\t\t\t\t\t<div class=\"elementor-field-group elementor-column elementor-field-type-submit elementor-col-100 e-form__buttons\">\n\t\t\t\t\t<button type=\"submit\" class=\"elementor-button elementor-size-sm\">\n\t\t\t\t\t\t<span >\n\t\t\t\t\t\t\t\t\t\t\t\t\t\t\t<span class=\" elementor-button-icon\">\n\t\t\t\t\t\t\t\t\t\t\t\t\t\t\t\t\t\t\t\t\t\t\t\t\t\t<\/span>\n\t\t\t\t\t\t\t\t\t\t\t\t\t\t\t\t\t\t\t\t\t\t<span class=\"elementor-button-text\">Contact us for more information about TX360<\/span>\n\t\t\t\t\t\t\t\t\t\t\t\t\t<\/span>\n\t\t\t\t\t<\/button>\n\t\t\t\t<\/div>\n\t\t\t<\/div>\n\t\t<\/form>\n\t\t\t\t<\/div>\n\t\t\t\t<\/div>\n\t\t\t\t<div class=\"elementor-element elementor-element-3bba7682 elementor-widget elementor-widget-heading\" data-id=\"3bba7682\" data-element_type=\"widget\" data-widget_type=\"heading.default\">\n\t\t\t\t<div class=\"elementor-widget-container\">\n\t\t\t<h2 class=\"elementor-heading-title elementor-size-default\">News Coverage<\/h2>\t\t<\/div>\n\t\t\t\t<\/div>\n\t\t\t\t<div class=\"elementor-element elementor-element-3590b56d elementor-widget elementor-widget-text-editor\" data-id=\"3590b56d\" data-element_type=\"widget\" data-widget_type=\"text-editor.default\">\n\t\t\t\t<div class=\"elementor-widget-container\">\n\t\t\t\t\t\t\t\t<div class=\"elementor-text-editor elementor-clearfix\">\n\t\t\t\t<ul><li>France looks set for potentially biggest strike in decades (<a href=\"https:\/\/www.france24.com\/en\/20191204-france-looks-set-for-potentially-its-biggest-strike-in-decades\" target=\"_blank\" rel=\"noopener\">France24<\/a>)<\/li><li>Public transportation to be heavily disrupted due to strike; 90% of trains to be cancelled, as well as 20% of flights\u00a0 (<a href=\"https:\/\/www.thelocal.fr\/20191204\/flights-trains-and-buses-your-questions-answered-in-frances-december-strikes\">The Local\u00a0France<\/a>)<\/li><li>US embassy &amp; consulate in France issue demonstration alert ahead of nationwide strike; exercise caution (<a href=\"https:\/\/fr.usembassy.gov\/demonstration-alert-u-s-embassy-paris-france-general-strike-december-5\/\">US Embassy<\/a>)<\/li><li>Massive police presence for Paris as shops close over strike violence fears (<a href=\"http:\/\/www.rfi.fr\/en\/france\/20191204-police-order-shops-close-amid-fears-thursdays-strike-could-turn-violent\">RFI<\/a>)\u00a0<\/li><li>EasyJet, Ryanair, British Airways and Eurostar among cancellations due to national strikes\u00a0 \u00a0 (<a href=\"https:\/\/www.thesun.co.uk\/travel\/10442115\/french-strike-eurostar-easyjet-ba-flights-delayed-cancelled\/\">The Sun<\/a>)<\/li><\/ul>\t\t\t\t\t<\/div>\n\t\t\t\t\t\t<\/div>\n\t\t\t\t<\/div>\n\t\t\t\t<div class=\"elementor-element elementor-element-fb09cb1 elementor-widget elementor-widget-heading\" data-id=\"fb09cb1\" data-element_type=\"widget\" data-widget_type=\"heading.default\">\n\t\t\t\t<div class=\"elementor-widget-container\">\n\t\t\t<h2 class=\"elementor-heading-title elementor-size-default\">Accounts to Follow<\/h2>\t\t<\/div>\n\t\t\t\t<\/div>\n\t\t\t\t<div class=\"elementor-element elementor-element-94a3249 elementor-widget elementor-widget-text-editor\" data-id=\"94a3249\" data-element_type=\"widget\" data-widget_type=\"text-editor.default\">\n\t\t\t\t<div class=\"elementor-widget-container\">\n\t\t\t\t\t\t\t\t<div class=\"elementor-text-editor elementor-clearfix\">\n\t\t\t\t<ul><li>Paris Fire Brigade (@<a href=\"https:\/\/twitter.com\/pompiersparis\">PompiersParis<\/a>)<\/li><li>Paris Police Prefecture (<a href=\"https:\/\/twitter.com\/prefpolice\">@prefpolice<\/a>)<\/li><li>Ministry of the Interior (<a href=\"https:\/\/twitter.com\/Beauvau_Alerte\">@<\/a><a href=\"https:\/\/twitter.com\/Beauvau_Alerte\">Beauvau_Alerte<\/a>)<\/li><li>National Gendarmerie (<a href=\"https:\/\/twitter.com\/Gendarmerie\">@Gendarmerie<\/a>)<\/li><li>National Police (<a href=\"https:\/\/twitter.com\/PoliceNationale\">@PoliceNationale<\/a>)<\/li><li>Civil Defense (@<a href=\"https:\/\/twitter.com\/SecCivileFrance\">SecCivileFrance<\/a>)<\/li><li><b>Paris M\u00e9tro <\/b>| (<a href=\"https:\/\/parisbytrain.com\/paris-metro\/\">Website<\/a>) |App (<a href=\"https:\/\/apps.apple.com\/us\/app\/paris-metro-map-and-routes\/id527534137\">Apple<\/a>) (<a href=\"https:\/\/play.google.com\/store\/apps\/details?id=com.fabernovel.ratp&amp;hl=en_US\">Android<\/a>) | Twitter List <a href=\"https:\/\/twitter.com\/actufrparis\/lists\/infos-trafic-ratp-sncf\">here<\/a><\/li><li><b>R\u00e9seau Express R\u00e9gional <\/b>| Twitter (<a href=\"https:\/\/twitter.com\/rer_a\">@RER_A<\/a>) (<a href=\"https:\/\/twitter.com\/RERB\">@RERB<\/a>) <a href=\"https:\/\/twitter.com\/RERC_SNCF\">(@RERC_SNCF<\/a>)<\/li><li><b>SNCF<\/b> | (<a href=\"https:\/\/www.sncf.com\/en\">Website<\/a>) | Twitter (<a href=\"https:\/\/twitter.com\/SNCF\">@<\/a><a href=\"https:\/\/twitter.com\/SNCF\">SNCF<\/a>)<\/li><\/ul>\t\t\t\t\t<\/div>\n\t\t\t\t\t\t<\/div>\n\t\t\t\t<\/div>\n\t\t\t\t<div class=\"elementor-element elementor-element-6db459a elementor-widget elementor-widget-text-editor\" data-id=\"6db459a\" data-element_type=\"widget\" data-widget_type=\"text-editor.default\">\n\t\t\t\t<div class=\"elementor-widget-container\">\n\t\t\t\t\t\t\t\t<div class=\"elementor-text-editor elementor-clearfix\">\n\t\t\t\t<blockquote class=\"twitter-tweet\" data-lang=\"en\"><p lang=\"fr\" dir=\"ltr\">\ud83d\udd34 En raison d\u2019une gr\u00e8ve nationale interprofessionnelle, la circulation des trains sera fortement perturb\u00e9e \u00e0 partir du 5 d\u00e9cembre. <br>La liste des trains circulant ce jour-l\u00e0 sera disponible d\u00e8s mardi 3\/12 \u00e0 17h sur l&#39;<a href=\"https:\/\/twitter.com\/hashtag\/AssistantSNCF?src=hash&amp;ref_src=twsrc%5Etfw\">#AssistantSNCF<\/a> \u27a1\ufe0f <a href=\"https:\/\/t.co\/3xeCN6O4z2\">https:\/\/t.co\/3xeCN6O4z2<\/a> \ud83d\udcf2 <a href=\"https:\/\/t.co\/60sYfY387r\">pic.twitter.com\/60sYfY387r<\/a><\/p>&mdash; SNCF (@SNCF) <a href=\"https:\/\/twitter.com\/SNCF\/status\/1201757962664120320?ref_src=twsrc%5Etfw\">December 3, 2019<\/a><\/blockquote>\n<script async src=\"https:\/\/platform.twitter.com\/widgets.js\" charset=\"utf-8\"><\/script>\n\t\t\t\t\t<\/div>\n\t\t\t\t\t\t<\/div>\n\t\t\t\t<\/div>\n\t\t\t\t<div class=\"elementor-element elementor-element-680107f elementor-widget elementor-widget-text-editor\" data-id=\"680107f\" data-element_type=\"widget\" data-widget_type=\"text-editor.default\">\n\t\t\t\t<div class=\"elementor-widget-container\">\n\t\t\t\t\t\t\t\t<div class=\"elementor-text-editor elementor-clearfix\">\n\t\t\t\t<blockquote class=\"twitter-tweet\" data-lang=\"en\"><p lang=\"fr\" dir=\"ltr\">Pr\u00e8s de 6000 forces de l&#39;ordre mobilis\u00e9es ce jeudi par <a href=\"https:\/\/twitter.com\/prefpolice?ref_src=twsrc%5Etfw\">@prefpolice<\/a> dans la Capitale afin de permettre aux manifestants pacifiques d&#39;exercer leur droit de manifester sereinement. <a href=\"https:\/\/t.co\/eRrfX4xGKo\">pic.twitter.com\/eRrfX4xGKo<\/a><\/p>&mdash; Pr\u00e9fecture de Police (@prefpolice) <a href=\"https:\/\/twitter.com\/prefpolice\/status\/1202279594365194240?ref_src=twsrc%5Etfw\">December 4, 2019<\/a><\/blockquote>\n<script async src=\"https:\/\/platform.twitter.com\/widgets.js\" charset=\"utf-8\"><\/script>\n\t\t\t\t\t<\/div>\n\t\t\t\t\t\t<\/div>\n\t\t\t\t<\/div>\n\t\t\t\t<div class=\"elementor-element elementor-element-c010426 elementor-widget elementor-widget-text-editor\" data-id=\"c010426\" data-element_type=\"widget\" data-widget_type=\"text-editor.default\">\n\t\t\t\t<div class=\"elementor-widget-container\">\n\t\t\t\t\t\t\t\t<div class=\"elementor-text-editor elementor-clearfix\">\n\t\t\t\t<blockquote class=\"twitter-tweet\" data-lang=\"en\"><p lang=\"fr\" dir=\"ltr\">Mvmt social 5\/12 : v\u00e9rifiez l&#39;actu de votre vol avec votre Cie  avant de vous rendre \u00e0 l&#39;a\u00e9roport. V\u00e9rifiez les conditions de circulation pr anticiper votre arriv\u00e9e \u00e0 <a href=\"https:\/\/twitter.com\/hashtag\/CDG?src=hash&amp;ref_src=twsrc%5Etfw\">#CDG<\/a> &amp; <a href=\"https:\/\/twitter.com\/hashtag\/Orly?src=hash&amp;ref_src=twsrc%5Etfw\">#Orly<\/a>. Service Bus Direct renforc\u00e9. Nos conseils aux voyageurs : <a href=\"https:\/\/t.co\/2hGonQvRmF\">https:\/\/t.co\/2hGonQvRmF<\/a> <a href=\"https:\/\/twitter.com\/hashtag\/grevedu5decembre?src=hash&amp;ref_src=twsrc%5Etfw\">#grevedu5decembre<\/a> <a href=\"https:\/\/t.co\/Qr4f4pvlCk\">pic.twitter.com\/Qr4f4pvlCk<\/a><\/p>&mdash; Paris A\u00e9roport (@ParisAeroport) <a href=\"https:\/\/twitter.com\/ParisAeroport\/status\/1202266220831166465?ref_src=twsrc%5Etfw\">December 4, 2019<\/a><\/blockquote>\n<script async src=\"https:\/\/platform.twitter.com\/widgets.js\" charset=\"utf-8\"><\/script>\n\t\t\t\t\t<\/div>\n\t\t\t\t\t\t<\/div>\n\t\t\t\t<\/div>\n\t\t\t\t\t\t<\/div>\n\t\t\t\t\t<\/div>\n\t\t<\/div>\n\t\t\t\t\t\t\t\t<\/div>\n\t\t\t\t\t<\/div>\n\t\t<\/section>\n\t\t\t\t<section class=\"elementor-section elementor-top-section elementor-element elementor-element-7ad708e5 elementor-section-boxed elementor-section-height-default elementor-section-height-default\" data-id=\"7ad708e5\" data-element_type=\"section\">\n\t\t\t\t\t\t<div class=\"elementor-container elementor-column-gap-default\">\n\t\t\t\t\t\t\t<div class=\"elementor-row\">\n\t\t\t\t\t<div class=\"elementor-column elementor-col-66 elementor-top-column elementor-element elementor-element-63769eb7\" data-id=\"63769eb7\" data-element_type=\"column\">\n\t\t\t<div class=\"elementor-column-wrap\">\n\t\t\t\t\t\t\t<div class=\"elementor-widget-wrap\">\n\t\t\t\t\t\t\t\t<\/div>\n\t\t\t\t\t<\/div>\n\t\t<\/div>\n\t\t\t\t<div class=\"elementor-column elementor-col-33 elementor-top-column elementor-element elementor-element-59aea7ed\" data-id=\"59aea7ed\" data-element_type=\"column\">\n\t\t\t<div class=\"elementor-column-wrap\">\n\t\t\t\t\t\t\t<div class=\"elementor-widget-wrap\">\n\t\t\t\t\t\t\t\t<\/div>\n\t\t\t\t\t<\/div>\n\t\t<\/div>\n\t\t\t\t\t\t\t\t<\/div>\n\t\t\t\t\t<\/div>\n\t\t<\/section>\n\t\t\t\t\t\t\t\t\t<\/div>\n\t\t\t<\/div>\n\t\t\t\t\t<\/div>\n\t\t","protected":false},"excerpt":{"rendered":"<p>France: Massive nationwide strikes against pension reforms with hundreds of marches across the country; severe transportation disruptions expected possibly for weeks The strike is expected to start at 10:00 p.m. local time on Wednesday, December 4th, when workers at SNCF (France&#8217;s national rail company) and RATP (Paris&#8217; regional transport authority)&#8230;<\/p>\n","protected":false},"author":1,"featured_media":0,"parent":0,"menu_order":0,"comment_status":"closed","ping_status":"closed","template":"template-fullwidth.php","meta":[],"acf":[],"_links":{"self":[{"href":"http:\/\/www.swanislandnetworks.com\/theme_test2\/wp-json\/wp\/v2\/pages\/4408"}],"collection":[{"href":"http:\/\/www.swanislandnetworks.com\/theme_test2\/wp-json\/wp\/v2\/pages"}],"about":[{"href":"http:\/\/www.swanislandnetworks.com\/theme_test2\/wp-json\/wp\/v2\/types\/page"}],"author":[{"embeddable":true,"href":"http:\/\/www.swanislandnetworks.com\/theme_test2\/wp-json\/wp\/v2\/users\/1"}],"replies":[{"embeddable":true,"href":"http:\/\/www.swanislandnetworks.com\/theme_test2\/wp-json\/wp\/v2\/comments?post=4408"}],"version-history":[{"count":18,"href":"http:\/\/www.swanislandnetworks.com\/theme_test2\/wp-json\/wp\/v2\/pages\/4408\/revisions"}],"predecessor-version":[{"id":4429,"href":"http:\/\/www.swanislandnetworks.com\/theme_test2\/wp-json\/wp\/v2\/pages\/4408\/revisions\/4429"}],"wp:attachment":[{"href":"http:\/\/www.swanislandnetworks.com\/theme_test2\/wp-json\/wp\/v2\/media?parent=4408"}],"curies":[{"name":"wp","href":"https:\/\/api.w.org\/{rel}","templated":true}]}}